{"id":489,"date":"2018-03-13T12:38:33","date_gmt":"2018-03-13T11:38:33","guid":{"rendered":"http:\/\/www.jhsn.de\/?page_id=489"},"modified":"2025-03-15T10:32:24","modified_gmt":"2025-03-15T09:32:24","slug":"vortraege","status":"publish","type":"page","link":"https:\/\/www.jhsn.de\/index.php\/vortraege\/","title":{"rendered":"Vortr\u00e4ge"},"content":{"rendered":"<h5><strong>Vortragsliste (Auswahl)<\/strong><\/h5>\n<p><em>Space for Health, <\/em>Moderation Session 4, Symposium Gesundheitsbau, 2.11.2023, TU Braunschweig<\/p>\n<p><em>Architektur statt Antibiotika \u2013 Planungsgrundlagen f\u00fcr die bauliche Infektionspr\u00e4vention<\/em>, BGW forum 2023 \u201cSicher und gesund im Krankenhaus\u201d, 5.09.2023, Grand Elys\u00e9e Hamburg<\/p>\n<p><em>Innovative architecture for structural infection prevention and control<\/em>, InfectControl Session @ DGHM 74th annual Meeting, 07.09.2022, Henry-Ford-Bau Berlin<\/p>\n<p><em>Entwurfsmethodik und Geb\u00e4udetypologie der Zukunft, <\/em>Hochschule Wismar, Faculty Design and Architecture, 20.09.2021, Wismar<\/p>\n<p><em>Beton &#8211; Bakterien &#8211; Basishygiene<\/em>, Freiburger Infektiologie- und Hygienekongress, 8.10.2021, Konzerthaus Freiburg<\/p>\n<p><em>Das Detail im Kontext<\/em>, HAWK Hochschule f\u00fcr angewandte Wissenschaft und Kunst, Fakult\u00e4t Management, Soziale Arbeit, Bauen, 22.02.2021, Holzminden<\/p>\n<p><em>Zusammenhang zwischen Konstruktion und Entwurf<\/em>, HAWK Hochschule f\u00fcr angewandte Wissenschaft und Kunst, Fakult\u00e4t Bauen und Erhalten, Studiengang Architektur, 21.01.2020, Hildesheim<\/p>\n<p><em>Klinikbau und Infektionspr\u00e4vention<\/em>, Konferenz Bielefelder Hygienetag, 22.05.2019, Franziskus Hospital Bielefeld<\/p>\n<p><em>Von der Bauentscheidung zur Schl\u00fcssel\u00fcbergabe<\/em>, Hochschule Kaiserslautern, Fachbereich Bauen und Gestalten, Studiengang Architektur, 16.05.2019, Kaiserslautern<\/p>\n<p><em>Integrale Planung und Realisierung von Hochbauprojekten<\/em>, IUBH Duales Studium Internationale Hochschule, 26.04.2019, Campus M\u00fcnchen<\/p>\n<p><em>Notaufnahme: Bauliche Umsetzung f\u00fcr in Vielzahl eintreffende oder hochkontagi\u00f6se Patienten, <\/em>Konferenz Bauen in medizinischen Einrichtungen des Bayerischen Landesamtes f\u00fcr Gesundheit und Lebensmittelsicherheit, 26.09.2018, Universit\u00e4tsklinikum W\u00fcrzburg<\/p>\n<p><em>Klinikbau &amp; Hygiene \u2013 Forschungsentwicklungen in der baulichen Infektionspr\u00e4vention<\/em>, 18. Hannoverscher Krankenhaustag, 04.09.2018, Medizinische Hochschule Hannover<\/p>\n<p><em>Bauliche Hygiene im Klinikbau \u2013 Planungsempfehlungen f\u00fcr die bauliche Infektionspr\u00e4vention,<\/em> Fachtagung Gesundheitsbauten, 20.04.2018, Mannheim<\/p>\n<p><em>Bauen f\u00fcr die Hygiene: Orte der Heilkunst im Fokus der Infektionspr\u00e4vention<\/em>, Baumesse Bautec, 20.02.2018, Berlin<\/p>\n<p><em>Constructional\/structural infection control strategy<\/em>, 4th International Conference on Prevention &amp; Infection Control, 21.06.2017, HUG H\u00f4pitaux universitaires de Gen\u00e8ve &amp; WHO Collaborating Centre on Patient Safety Solutions, Geneva, Switzerland<\/p>\n<p><em>Bauliche Infektionspr\u00e4ventionsstrategien,<\/em> Strategiekonferenz InfectControl 2020, 14.06.2017, Hans-Kn\u00f6ll-Institut, Friedrich Schiller Universit\u00e4t Jena, Jena<\/p>\n<p><em>Intergrale Planung<\/em>, Realisierung und Betrieb von Hochbauprojekten, 16.01.2017, FH Bielefeld, Campus Minden<\/p>\n<p><em>Bauliche Infektionspr\u00e4vention im Krankenhaus \u2013 neuste Forschungsentwicklungen<\/em>, Fachtagung Change-Management, 17.10.2016, Universit\u00e4tsklinikum Schleswig-Holstein, Kiel<\/p>\n<p><em>Effektivere medizinische Genesung durch bauliche Prozessoptimierung und Infektionspr\u00e4vention &#8211; Neuste Forschungsentwicklungen<\/em>, Fachtagung Gesundheitsbauten , 10.11.2015, Hamburg Business Center, Eppendorf<\/p>\n<p><em>Forschungsprojekt HYBAU+ Bauliche Hygiene im Krankenhausbau<\/em>, 12. AKG Fachtagung, 24.04.2015, Hannover<\/p>\n<p><em>Neueste Ergebnisse aus der Forschung: Interdisziplin\u00e4res Forschungsprojekt der TU Braunschweig zum zukunftsf\u00e4higen Krankenhausbau<\/em>, Kongress hospital concepts, 26.10.2013, Berlin<\/p>\n<p><em>Wer ist der Patient? Das Krankenhaus!<\/em>,\u00a0 Leibniz Universit\u00e4t Hannover, 28.01.2013<\/p>\n","protected":false},"excerpt":{"rendered":"<p>Vortragsliste (Auswahl) Space for Health, Moderation Session 4, Symposium Gesundheitsbau, 2.11.2023, TU Braunschweig Architektur statt Antibiotika \u2013 Planungsgrundlagen f\u00fcr die bauliche Infektionspr\u00e4vention, [&hellip;]<\/p>\n","protected":false},"author":1,"featured_media":0,"parent":0,"menu_order":0,"comment_status":"closed","ping_status":"closed","template":"","meta":[],"_links":{"self":[{"href":"https:\/\/www.jhsn.de\/index.php\/wp-json\/wp\/v2\/pages\/489"}],"collection":[{"href":"https:\/\/www.jhsn.de\/index.php\/wp-json\/wp\/v2\/pages"}],"about":[{"href":"https:\/\/www.jhsn.de\/index.php\/wp-json\/wp\/v2\/types\/page"}],"author":[{"embeddable":true,"href":"https:\/\/www.jhsn.de\/index.php\/wp-json\/wp\/v2\/users\/1"}],"replies":[{"embeddable":true,"href":"https:\/\/www.jhsn.de\/index.php\/wp-json\/wp\/v2\/comments?post=489"}],"version-history":[{"count":11,"href":"https:\/\/www.jhsn.de\/index.php\/wp-json\/wp\/v2\/pages\/489\/revisions"}],"predecessor-version":[{"id":789,"href":"https:\/\/www.jhsn.de\/index.php\/wp-json\/wp\/v2\/pages\/489\/revisions\/789"}],"wp:attachment":[{"href":"https:\/\/www.jhsn.de\/index.php\/wp-json\/wp\/v2\/media?parent=489"}],"curies":[{"name":"wp","href":"https:\/\/api.w.org\/{rel}","templated":true}]}}