{"id":338,"date":"2016-01-28T10:57:47","date_gmt":"2016-01-28T09:57:47","guid":{"rendered":"http:\/\/www.jhsn.de\/?page_id=338"},"modified":"2025-01-18T14:40:50","modified_gmt":"2025-01-18T13:40:50","slug":"veroeffentlichungen","status":"publish","type":"page","link":"https:\/\/www.jhsn.de\/index.php\/veroeffentlichungen\/","title":{"rendered":"Ver\u00f6ffentlichungen"},"content":{"rendered":"<h5><strong>Publikationsliste (Auswahl)<\/strong><\/h5>\n<p>Hernandez-Mejia, G., Scheithauer, S., Blaschke, S., Kucheryava, N., Schwarz, K., Moellmann, J., Tomori, D. V., Bartz, A., Jaeger, V. K., Lange, B., Kuhlmann, A., Holzhausen, J. &amp; Karch, A. (2024) &#8220;Architectural interventions to mitigate the spread of SARS-CoV-2 in emergency departments&#8221;, The Journal of hospital infection, Vol. 151, S. 1\u201310. DOI 10.1016\/j.jhin.2024.05.019<\/p>\n<p>Holzhausen, J., Kucheryava, N., Barre, F. &amp; Scheithauer, S. (2022). Bauliche Voraussetzungen zur Umsetzung der Hygiene. In A. Kramer, O. Assadian, M. Exner, N.-O. H\u00fcbner, A. Simon &amp; S. Scheithauer (Hrsg.), <em>Krankenhaus- und Praxishygiene. Hygienemanagement und Infektionspr\u00e4vention in medizinischen und sozialen Einrichtungen<\/em> (4. Auflage). M\u00fcnchen: Urban &amp; Fischer in Elsevier.<\/p>\n<p>Bucherer M, Holzhausen J, Conraths FJ, Probst C (2021) <em>Infrastructure of animal farms: key constructional elements in terms of biosecurity based on experience from Germany<\/em>. Berl M\u00fcnch Tier\u00e4rztl Wochenschr (134), 1-12, DOI 10.2376\/1439-0299-2020-37<\/p>\n<p>Koeppen M, Holzhausen J (2019) <em>Tempor\u00e4re Isolierungsma\u00dfnahmen im Krankenhaus: Erstversorgung von Patienten mit Verdacht auf hochkontagi\u00f6se Erreger in Krankenh\u00e4usern der Schwerpunkt- und Maximalversorgung<\/em>. Hygiene &amp; Medizin, D118 \u2013 D123.<\/p>\n<p>Sunder W; Holzhausen J; Gastmeier P; Haselbeck A; Dre\u00dfler I (2018): <em>Bauliche Hygiene im Klinikbau. Planungsempfehlungen f\u00fcr die bauliche Infektionspr\u00e4vention in den Bereichen der Operation, Notfall- und Intensivmedizin<\/em>. Bonn (Zukunft Bauen &#8211; Forschung f\u00fcr die Praxis, Band 13), 76 Seiten<\/p>\n<p><img decoding=\"async\" loading=\"lazy\" class=\"alignleft size-medium wp-image-479\" src=\"http:\/\/www.jhsn.de\/wp-content\/uploads\/2016\/01\/180220_bauliche_Hygiene_KH_Band_13-1-212x300.jpg\" alt=\"\" width=\"212\" height=\"300\" srcset=\"https:\/\/www.jhsn.de\/wp-content\/uploads\/2016\/01\/180220_bauliche_Hygiene_KH_Band_13-1-212x300.jpg 212w, https:\/\/www.jhsn.de\/wp-content\/uploads\/2016\/01\/180220_bauliche_Hygiene_KH_Band_13-1-768x1085.jpg 768w, https:\/\/www.jhsn.de\/wp-content\/uploads\/2016\/01\/180220_bauliche_Hygiene_KH_Band_13-1-725x1024.jpg 725w, https:\/\/www.jhsn.de\/wp-content\/uploads\/2016\/01\/180220_bauliche_Hygiene_KH_Band_13-1-830x1173.jpg 830w, https:\/\/www.jhsn.de\/wp-content\/uploads\/2016\/01\/180220_bauliche_Hygiene_KH_Band_13-1-230x325.jpg 230w, https:\/\/www.jhsn.de\/wp-content\/uploads\/2016\/01\/180220_bauliche_Hygiene_KH_Band_13-1-350x495.jpg 350w, https:\/\/www.jhsn.de\/wp-content\/uploads\/2016\/01\/180220_bauliche_Hygiene_KH_Band_13-1.jpg 1241w\" sizes=\"(max-width: 212px) 100vw, 212px\" \/><\/p>\n<p><a href=\"https:\/\/www.forschungsinitiative.de\/publikationen\/publikation\/bauliche-hygiene-im-klinikbau-planungsempfehlungen-fuer-die-bauliche-infektionspraevention\/716e138f74283826a91c5b4d2e9d2202\/\" target=\"_blank\" rel=\"noopener noreferrer\">Link zum download<\/a><\/p>\n<p>Holzhausen J, Sunder W (2017): I3 &#8211; Constructional\/structural infection control strategy &#8211; architectural analysis, rating and solution strategy to control infectious pathways in building systems. In: <em>Meeting abstracts from International Conference on Prevention &amp; Infection Control (ICPIC 2017)<\/em>. In: Antimicrob Resist Infect Control 6 (S3). DOI: 10.1186\/s13756-017-0201-4 .<\/p>\n<p>Holzhausen J, Sunder W, Dre\u00dfler I, Stiller A (2016): Bauliche Hygiene: Mit Architektur und Design gegen multiresistente Erreger. In: <em>das Krankenhaus<\/em> 108 (12), S. 1130\u20131132.<\/p>\n<p>Budelmann H, Dre\u00dfler I, Holzhausen J, Sunder W (2016): Leitfaden zur baulichen Hygiene im Operationssaal. In: <em>Bauten des Gesundheitswesens<\/em> (A61029), S. 57\u201360.<\/p>\n<p>Stiller A, Schr\u00f6der C, Gropmann A, Schwab, Behnke M, Geffers C, Sunder W, Holzhausen J, Gastmeier P (2016): ICU ward design and nosocomial infection rates \u2013 a cross sectional study in Germany. In: <em>Journal of Hospital Infection<\/em>. DOI: 10.1016\/j.jhin.2016.10.011<\/p>\n<p>Stiller A, Schroder C, Gropmann A, Schwab F, Behnke M, Geffers C, Holzhausen J, Sunder W, Gastmeier P (2016): Analysis of contemporary hospital infrastructure pertaining to infection prevention in Germany. In: <em>Bundesgesundheitsblatt<\/em>, Gesundheitsforschung, Gesundheitsschutz. DOI: 10.1007\/s00103-016-2384-x\u00a0\u00a0 .<\/p>\n<p><a href=\"http:\/\/link.springer.com\/article\/10.1007\/s00103-016-2384-x\" target=\"_blank\" rel=\"noopener noreferrer\">link zum Artikel<\/a><\/p>\n<p>Holzhausen J, Kn\u00f6fler P, Riechel C, Sunder W; Zukunft.Klinik.Bau. Strategische Planung von Krankenh\u00e4usern, Springer Vieweg, 1. Auflage 2015, 212 Seiten, Hrsg. Roth C, Dombrowski U, Fisch M<\/p>\n<p><img decoding=\"async\" loading=\"lazy\" class=\"alignnone wp-image-350\" src=\"http:\/\/www.jhsn.de\/wp-content\/uploads\/2016\/01\/cover_zukunftklinikbau.jpg\" alt=\"cover_zukunftklinikbau\" width=\"199\" height=\"315\" srcset=\"https:\/\/www.jhsn.de\/wp-content\/uploads\/2016\/01\/cover_zukunftklinikbau.jpg 1866w, https:\/\/www.jhsn.de\/wp-content\/uploads\/2016\/01\/cover_zukunftklinikbau-189x300.jpg 189w, https:\/\/www.jhsn.de\/wp-content\/uploads\/2016\/01\/cover_zukunftklinikbau-768x1218.jpg 768w, https:\/\/www.jhsn.de\/wp-content\/uploads\/2016\/01\/cover_zukunftklinikbau-646x1024.jpg 646w, https:\/\/www.jhsn.de\/wp-content\/uploads\/2016\/01\/cover_zukunftklinikbau-830x1316.jpg 830w, https:\/\/www.jhsn.de\/wp-content\/uploads\/2016\/01\/cover_zukunftklinikbau-230x365.jpg 230w, https:\/\/www.jhsn.de\/wp-content\/uploads\/2016\/01\/cover_zukunftklinikbau-350x555.jpg 350w\" sizes=\"(max-width: 199px) 100vw, 199px\" \/><\/p>\n<p><a href=\"http:\/\/www.springer.com\/de\/book\/9783658099879#aboutBook\" target=\"_blank\" rel=\"noopener noreferrer\">Link zum Buch \/ Verlag<\/a><\/p>\n<p><a href=\"http:\/\/www.amazon.de\/Zukunft-Klinik-Bau-Strategische-Krankenh%C3%A4usern\/dp\/3658099879\" target=\"_blank\" rel=\"noopener noreferrer\">Link zu Amazon<\/a><\/p>\n<p>Holzhausen J; Bedarfsplanung als Weg in die Zukunft &#8211; Forschungsprojekt; in <em>kompakt supplement Management &amp; Krankenhaus<\/em> Nr. 6\/2014, S.8<\/p>\n<p>Holzhausen J, Sunder W.; Von der Idee zum Forschungsprojekt \u2013 erfolgreiche Antragsvorbereitung, in <em>Zukunft Bauen BBSR 2014<\/em>, S. 90 &#8211; 91<\/p>\n<p>Holzhausen J, Sunder W; Bau, Prozess und Energie, in <em>Magazin KU spezial<\/em>, Nr. 5, 07\/2013, S.8-12<\/p>\n<p>Kn\u00f6fler,P.; Riechel, C.; Holzhausen, J.; Sunder, W.: Praxis :Krankenhausbau &#8211; Demoskopische Untersuchung bundesdeutscher Krankenh\u00e4user, 1. Aufl. 2013, DOI: 10.2314\/GBV:736547525<\/p>\n<p>Holzhausen J, Sunder W, Kn\u00f6fler P, Riechel C; Abschlussbericht \u201ePraxis: Krankenhausbau\u201c, Aktenzeichen: II 3-F20-11-1-013\/ SWD &#8211; 10.08.18.7-12.07, in <em>Zukunft Bauen BBSR 2012<\/em><\/p>\n<p>Holzhausen J, Sunder W; FUTURE CLINIC, Band 10 der Schriftenreihe Fundamente, Institut f\u00fcr Industriebau und Konstruktives Entwerfen, TU Braunschweig, 2011, 198 Seiten<\/p>\n<p>Holzhausen J, Sonntag R; INTERFACE, Band 9 der Schriftenreihe Fundamente, Institut f\u00fcr Industriebau und Konstruktives Entwerfen, TU Braunschweig, 2010, 266 Seiten<\/p>\n<p>Holzhausen J, Sunder W; CONCRETE VISIONS, Band 8 der Schriftenreihe Fundamente, Institut f\u00fcr Industriebau und Konstruktives Entwerfen, TU Braunschweig, 2010, 261 Seiten<\/p>\n<p>Holzhausen J, Kunisch S, Riechel C, Sunder W; Die Zukunftsf\u00e4higkeit des Krankenhausbaus im Fokus, in <em>KU Gesundheitsmanagement<\/em> Nr. 7\/2011, S. 48-50<\/p>\n","protected":false},"excerpt":{"rendered":"<p>Publikationsliste (Auswahl) Hernandez-Mejia, G., Scheithauer, S., Blaschke, S., Kucheryava, N., Schwarz, K., Moellmann, J., Tomori, D. V., Bartz, A., Jaeger, V. K., [&hellip;]<\/p>\n","protected":false},"author":1,"featured_media":0,"parent":0,"menu_order":0,"comment_status":"closed","ping_status":"closed","template":"","meta":[],"_links":{"self":[{"href":"https:\/\/www.jhsn.de\/index.php\/wp-json\/wp\/v2\/pages\/338"}],"collection":[{"href":"https:\/\/www.jhsn.de\/index.php\/wp-json\/wp\/v2\/pages"}],"about":[{"href":"https:\/\/www.jhsn.de\/index.php\/wp-json\/wp\/v2\/types\/page"}],"author":[{"embeddable":true,"href":"https:\/\/www.jhsn.de\/index.php\/wp-json\/wp\/v2\/users\/1"}],"replies":[{"embeddable":true,"href":"https:\/\/www.jhsn.de\/index.php\/wp-json\/wp\/v2\/comments?post=338"}],"version-history":[{"count":58,"href":"https:\/\/www.jhsn.de\/index.php\/wp-json\/wp\/v2\/pages\/338\/revisions"}],"predecessor-version":[{"id":780,"href":"https:\/\/www.jhsn.de\/index.php\/wp-json\/wp\/v2\/pages\/338\/revisions\/780"}],"wp:attachment":[{"href":"https:\/\/www.jhsn.de\/index.php\/wp-json\/wp\/v2\/media?parent=338"}],"curies":[{"name":"wp","href":"https:\/\/api.w.org\/{rel}","templated":true}]}}